717 prime?
False
Is 1638227 composite?
True
Is 1885469 prime?
True
Is 33417497 composite?
True
Is 52879 prime?
True
Is 41557097 prime?
False
Is 1255477 a composite number?
False
Is 14968211 a prime number?
False
Is 4912547 a composite number?
True
Is 198950749 prime?
True
Is 388777109 a composite number?
True
Is 3819223 a composite number?
False
Is 28788085 prime?
False
Is 3116761 prime?
True
Is 62867083 a composite number?
True
Is 121391255 prime?
False
Is 1091681 prime?
True
Is 49101779 composite?
False
Is 85835219 prime?
True
Is 1995583 prime?
True
Is 2789551 prime?
True
Is 36330361 a composite number?
True
Is 1936657 prime?
False
Is 12051373 prime?
True
Is 423492955 prime?
False
Is 49314113 prime?
True
Is 19862859 prime?
False
Is 22664623 a composite number?
False
Is 2816869 prime?
False
Is 31013305 a composite number?
True
Is 115208999 a prime number?
True
Is 644896313 a composite number?
False
Is 5639831 a prime number?
True
Is 6511871 a prime number?
True
Is 31418741 a prime number?
True
Is 4704353 a prime number?
True
Is 13519941 a composite number?
True
Is 6746153 a prime number?
False
Is 1827731 a composite number?
False
Is 27282721 a prime number?
False
Is 13558939 prime?
True
Is 41723833 prime?
False
Is 252506381 prime?
True
Is 60762371 a composite number?
True
Is 36991579 a composite number?
True
Is 2191639 a composite number?
True
Is 2095927 a prime number?
True
Is 7064293 a prime number?
True
Is 165658291 prime?
True
Is 2274143 prime?
True
Is 313048847 composite?
False
Is 38959213 a composite number?
True
Is 30086313 a prime number?
False
Is 46640651 a prime number?
True
Is 2108009 composite?
False
Is 268097 a composite number?
True
Is 3019571 composite?
False
Is 23069273 prime?
False
Is 9671377 prime?
True
Is 6996667 a composite number?
True
Is 671096059 a composite number?
True
Is 761833 composite?
False
Is 20482639 prime?
False
Is 1858303 composite?
False
Is 208851863 composite?
True
Is 304145607 a composite number?
True
Is 113437 composite?
False
Is 1810783 composite?
True
Is 108462547 a composite number?
False
Is 18158191 composite?
False
Is 5541193 prime?
False
Is 1899293 prime?
False
Is 61552303 prime?
True
Is 12452263 a prime number?
True
Is 255953 a prime number?
False
Is 173464143 a composite number?
True
Is 12751057 composite?
True
Is 219376895 a prime number?
False
Is 471562187 a prime number?
False
Is 14850665 prime?
False
Is 4169057 composite?
False
Is 2669959 prime?
True
Is 44084231 composite?
False
Is 4555657 a prime number?
False
Is 613421 a composite number?
False
Is 162264407 a composite number?
False
Is 7781909 a prime number?
True
Is 3110209 a prime number?
False
Is 126371491 composite?
False
Is 10846453 prime?
True
Is 244151 prime?
False
Is 44204617 prime?
False
Is 40070893 composite?
False
Is 17893007 composite?
True
Is 98508481 a prime number?
True
Is 89369117 composite?
True
Is 7480397 composite?
False
Is 4434362 composite?
True
Is 1373758 a composite number?
True
Is 234928081 a composite number?
False
Is 62009263 composite?
True
Is 5628421 composite?
False
Is 10749433 a prime number?
True
Is 144269 a composite number?
True
Is 100294 prime?
False
Is 209011 prime?
False
Is 362567 a prime number?
False
Is 24458405 composite?
True
Is 16197347 composite?
False
Is 15225283 composite?
False
Is 538117 prime?
True
Is 3494269 composite?
False
Is 212206 prime?
False
Is 157558 a composite number?
True
Is 1762491 prime?
False
Is 1194476579 a prime number?
True
Is 193825759 a prime number?
True
Is 34324373 composite?
False
Is 3351251 a prime number?
True
Is 19504391 composite?
True
Is 239653333 prime?
False
Is 44835611 a composite number?
True
Is 11860549 a composite number?
True
Is 138679 prime?
True
Is 53008094 a composite number?
True
Is 5951653 prime?
False
Is 134865667 a composite number?
True
Is 2315183 a composite number?
True
Is 111788917 a composite number?
False
Is 28924921 a prime number?
True
Is 76905313 prime?
True
Is 1544113 composite?
False
Is 29841241 composite?
False
Is 5580761 composite?
True
Is 645419 composite?
False
Is 351913 composite?
False
Is 31986071 a composite number?
True
Is 123911 composite?
False
Is 20258241 composite?
True
Is 13374931 a composite number?
True
Is 3201395 prime?
False
Is 787684021 composite?
False
Is 188874449 composite?
False
Is 12073793 a prime number?
True
Is 236399 composite?
False
Is 7906037 a composite number?
True
Is 742145 prime?
False
Is 396643547 a prime number?
True
Is 6172003 composite?
True
Is 357503 a prime number?
True
Is 741913 prime?
True
Is 4277905 a prime number?
False
Is 21696035 composite?
True
Is 27240151 prime?
True
Is 15083027 a composite number?
True
Is 37696619 prime?
True
Is 3085189 a prime number?
True
Is 438267406 prime?
False
Is 2270417 prime?
False
Is 331691 a prime number?
True
Is 20463277 prime?
False
Is 4744945 a composite number?
True
Is 12520681 a composite number?
True
Is 43814101 a composite number?
False
Is 186056309 composite?
True
Is 223852861 prime?
True
Is 107440727 prime?
False
Is 197003867 composite?
False
Is 269829401 composite?
False
Is 351598129 composite?
True
Is 17260721 composite?
True
Is 622525643 a composite number?
True
Is 260439 a composite number?
True
Is 30630137 a composite number?
False
Is 335651 a composite number?
True
Is 1597913 a prime number?
True
Is 3933337 prime?
True
Is 22926117 prime?
False
Is 286547719 composite?
True
Is 17758397 a composite number?
False
Is 3590803 a composite number?
True
Is 316331 a prime number?
False
Is 17885459 a composite number?
False
Is 9151633 a composite number?
False
Is 5867003 a prime number?
True
Is 2204071 a prime number?
True
Is 44508967 prime?
True
Is 3065291 a composite number?
False
Is 155872579 a prime number?
True
Is 10090887 prime?
False
Is 63575131 composite?
True
Is 31685359 prime?
False
Is 100464517 a composite number?
False
Is 52941905 composite?
True
Is 39091363 prime?
True
Is 69369647 prime?
False
Is 7522261 prime?
True
Is 10463059 composite?
False
Is 785755085 prime?
False
Is 37012838 prime?
False
Is 1453147 a prime number?
False
Is 10459087 composite?
False
Is 11556133 a prime number?
False
Is 29532593 prime?
False
Is 7127671 composite?
True
Is 187771 composite?
True
Is 12143063 a prime number?
True
Is 78475115 a composite number?
True
Is 33050513 a prime number?
True
Is 296627 a prime number?
True
Is 15283379 a prime number?
True
Is 4987471 a prime number?
False
Is 18569791 composite?
False
Is 12603581 a composite number?
True
Is 357906713 prime?
True
Is 36243763 composite?
False
Is 755137 prime?
True
Is 2235335 a prime number?
False
Is 1645301 composite?
True
Is 3367157 a prime number?
True
Is 6079547 prime?
True
Is 1372159 prime?
False
Is 30279667 a composite number?
True
Is 67500241 prime?
True
Is 954541661 a prime number?
True
Is 276707 a composite number?
False
Is 101786251 composite?
True
Is 238753 composite?
True
Is 1561103 a prime number?
False
Is 377420819 prime?
False
Is 304182431 a composite number?
True
Is 9736709 a prime number?
False
Is 493009687 composite?
False
Is 30576989 prime?
False
Is 752934659 composite?
False
Is 37029289 a prime number?
False
Is 4098881 a prime number?
False
Is 329253 composite?
True
Is 303475499 a prime number?
True
Is 1641677 prime?
False
Is 44524199 a prime number?
True
Is 29519209 a prime number?
True
Is 2450197 prime?
False
Is 4592974 composite?
True
Is 639587011 composite?
True
Is 22204051 prime?
True
Is 13840829 a composite number?
False
Is 8042701 a composite number?
False
Is 3168617 a composite number?
False
Is 32835349 a composite number?
False
Is 319573 a prime number?
False
Is 38135939 a prime number?
False
Is 4337197 composite?
True
Is 17295401 prime?
True
Is 197653 composite?
True
Is 380181929 prime?
True
Is 19818802 composite?
True
Is 72782527 composite?
False
Is 16807261 a composite number?
True
Is 59967761 a prime number?
False
Is 1330742143 composite?
False
Is 73496091 composite?
True
Is 5693645 composite?
True
Is 11213347 composite?
False
Is 109099867 composite?
True
Is 23450423 a prime number?
False
Is 59123557 prime?
True
Is 9858593 composite?
False
Is 3688093 prime?
True
Is 106764397 a prime number?
True
Is 10775591 a prime number?
True
Is 944107 composite?
True
Is 37116097 a composite number